7 = 4*b, h = -4*a. Let r = 27 - 15. What is the highest common factor of r and b?
12
Suppose 3*u = -0*u - h + 362, -2*h + 124 = u. What is the highest common divisor of 300 and u?
60
Let q = -491 + 750. What is the highest common factor of q and 7?
7
Suppose 8*i - 4*i - 5*s = 33, 4*i = 4*s + 28. Let r be i/(-11) - 1092/(-77). Calculate the greatest common factor of r and 28.
14
Suppose 3*w = -3*f + 1599, w - 3*f - 545 = -f. Suppose -5*k - 128 = -d, 0 = -4*d - 7*k + 2*k + w. What is the greatest common divisor of 7 and d?
7
Suppose -90*o + 7884 = -54*o. Calculate the highest common divisor of o and 6.
3
Suppose -7 = -33*z + 32*z. Suppose -6*m - 135 = -z*m. Let p be (9 - 0)/((-1)/(-6)). Calculate the greatest common factor of m and p.
27
Let a = 3 - 1. Suppose 6*j + 1140 = a*j. Let r = j - -425. What is the highest common divisor of r and 28?
28
Suppose -q - 5 = -2*p, 10 = 2*p - 2*q + 2. Suppose -6*r + 3*r = 90. Let j be (15/25)/((-2)/r). What is the greatest common divisor of j and p?
1
Let b be (-1378)/(-14) - 68/(-119). What is the highest common divisor of b and 3?
3
Suppose 12*x + 738 = -546. Let s(n) = -n**3 - n**2 + n + 5. Let c be s(-6). Let g = c + x. What is the highest common divisor of g and 24?
24
Suppose 0 = -a + 3, 0 = z - 0*z + 4*a - 18. Suppose -m + b = -2 - z, 5*m + 3*b = 32. What is the highest common divisor of m and 35?
7
Let b = 1179 + -1109. Calculate the greatest common divisor of b and 30.
10
Let g(j) = 3*j - 14. Let l be g(9). Let a(d) = 12*d + d**2 + 3*d**2 - 5*d**2 + 17. Let y be a(l). Calculate the highest common factor of 8 and y.
4
Suppose -r + 5*r - 8296 = 0. Suppose -q - 1658 = -4*w, 2*w + 2*q = 7*w - r. Suppose 9*c = w + 378. What is the highest common divisor of c and 8?
8
Let o = 17 + -20. Let k be (2 + o)*-2 - -4. Suppose -62 = -u - k. Calculate the greatest common divisor of u and 14.
14
Let d be 260/22 + (-6)/(-33). Suppose 0*g - q + 5 = -3*g, -2*g - d = -5*q. Let w be (-1)/1*g + 1. What is the greatest common factor of 14 and w?
2
Let p(h) = 12*h**2 - 9*h - 15. Let i be p(-6). Let z = 831 - i. Suppose -5*x = 3*y - z, 0*x - 4*y = -x + 72. What is the highest common divisor of x and 24?
24
Let s(y) = 6*y**2 - 8*y + 11. Let v be s(9). Calculate the greatest common divisor of v and 340.
85
Suppose 4*l - 6*a - 272 = 0, -199 = -3*l - 5*a + 7*a. Calculate the highest common divisor of 39 and l.
13
Let g = -18 + -89. Let a = g - -205. Calculate the greatest common divisor of a and 14.
14
Suppose -573 = 3*s - 1761. Suppose -4*a = -3*r - 2*a + s, 5*r - 653 = a. Calculate the highest common divisor of 13 and r.
13
Let v be 5*(-2)/(-10)*4. Suppose 4*t = -o + 19, 3*t - 27 = -4*o - o. Suppose o*x + 15 = v*x. What is the highest common factor of 5 and x?
5
Let x be 1/(-7*(-4)/8428). Calculate the greatest common divisor of x and 43.
43
Suppose -1344 = -12*b - 168. Let i be -2 + 0 + -4 + 20. Calculate the highest common divisor of b and i.
14
Let b be (-8)/(-52) + (-22608)/(-78). Let f = 533 - b. What is the greatest common divisor of 27 and f?
27
Let a = -676 - -692. Suppose 4*z = -4*k, -5*k + 40 = -6*z + z. What is the greatest common factor of k and a?
4
Let w(m) = -5 - m - 2*m + 21 + m. Let i be w(6). Suppose -6*z = -i*z - 8. Calculate the greatest common factor of z and 10.
2
Suppose 3*y - 178 = -5*t, -3*t + 29*y = 24*y - 100. What is the greatest common divisor of t and 5?
5
Let p be (-1 - (-1 + 0)) + 103. Suppose -p + 278 = 5*w. Suppose -w = o - 2*o. Calculate the greatest common divisor of o and 7.
7
Let x be 56*((-4)/(-48))/((-4)/(-36)). Suppose -6*s = -4*s - x. Calculate the highest common divisor of 189 and s.
21
Let o(w) = -w**3 - 5*w**2 + 9*w + 2. Let g be o(-6). Let m be -16*6/g*2. Suppose -5*a - 4*a + 36 = 0. Calculate the highest common divisor of m and a.
4
Let p = -180 - -186. Calculate the highest common divisor of p and 10.
2
Suppose -3*q + 2*g - 1 = 0, -2*g - 14 = 2*q - 6*g. Suppose -m - q*m = -80. Calculate the greatest common factor of m and 60.
20
Suppose -938 - 350 = -92*f. Calculate the greatest common factor of 63 and f.
7
Suppose q - 2 - 1 = -c, c = -3. What is the highest common factor of q and 9?
3
Suppose s + 0 - 4 = 0. Suppose l + 9 = s*l. Suppose l*j = 4*j - 10. What is the highest common factor of j and 10?
10
Let q(s) = s - 3. Let x be q(4). What is the highest common factor of 19 and x?
1
Let v be (-26)/((-3)/(3 + 0) + -1). Suppose v*s - 24 = 11*s. Suppose 0*q + 48 = q. Calculate the highest common factor of q and s.
12
Let w(z) = 9*z + 5. Let q be w(7). Suppose -3*m + x + 57 = 0, 2*m + 2*m - 4*x - q = 0. Let a = 236 - 156. Calculate the greatest common factor of m and a.
20
Let y(h) = -31*h**3 - 2*h**2 + h + 2. Let t(d) = d - 1. Let f = 2 + -2. Let i be t(f). Let n be y(i). What is the highest common divisor of n and 12?
6
Let d be 3/2*56/6. Suppose -3*t + 18 = -0*t. Suppose -4 - d = -t*g. What is the highest common divisor of g and 15?
3
Suppose -2 = q - 2*q. Suppose 9 = q*c + c. Suppose 0 = -c*n - 9, n = 2*h + 3*n - 40. What is the highest common divisor of 115 and h?
23
Suppose 0 = 2*b - 0*b - 18. Let a be 40/30*6/4. Suppose -10*o + 48 = -a*o. Calculate the highest common factor of b and o.
3
Let h = 4119 - 4068. Suppose r - 14 = 37. Calculate the greatest common factor of r and h.
51
Let a = 2552 - 1450. Calculate the highest common divisor of a and 114.
38
Suppose 3*c - 9*c = -516. Suppose c*k - 231 = 85*k. Calculate the greatest common divisor of 21 and k.
21
Suppose 0 = -50*n + 1887 + 763. What is the highest common factor of n and 1?
1
Suppose 68 - 292 = -4*y. Suppose -6 + 22 = 4*s. Suppose -3*t + n = 6 - 51, -s*n - 26 = -t. Calculate the highest common factor of t and y.
14
Let x(s) = 9*s**2 + 6*s + 1. Let c be x(3). Calculate the greatest common factor of 20 and c.
20
Let w be 7/(21/6) - -18. Let t = 46 - w. Calculate the highest common divisor of 13 and t.
13
Let f be (-5)/3*(-2376)/20. Calculate the highest common divisor of f and 144.
18
Let c be (-344)/(-120) + (-4)/(-30). Let q be -4 + (13 - 3 - c). Calculate the greatest common factor of q and 1.
1
Let u = 71 + 7. Suppose 4*n = u - 6. Suppose 4*y - 5*m - 19 + 3 = 0, -2*m + 26 = 2*y. Calculate the greatest common factor of n and y.
9
Let f(d) = d + 21. Let x be f(-14). Suppose -5*r + 17 = v, 0*r + r + x = 5*v. Calculate the greatest common divisor of v and 2.
2
Suppose 0 = 4*u + 2*f + 3*f - 146, -3*f = -5*u + 164. What is the greatest common factor of 782 and u?
34
Let k be (27 - -76) + 5*1. What is the highest common divisor of k and 72?
36
Let q(b) = -13*b + 178. Let n be q(-19). Calculate the greatest common divisor of 255 and n.
85
Suppose -10 = -3*t + t. Let b(q) = q. Let v(d) = -4*d - 3. Let w(k) = -2*b(k) - v(k). Let i be w(t). What is the greatest common divisor of 117 and i?
13
Suppose -37 = -15*h + 863. What is the greatest common divisor of h and 12?
12
Let x(d) = 18*d - 300. Let q be x(17). What is the highest common factor of q and 906?
6
Let r = -2 - -2. Let f(g) = -3*g**2 + 2*g**3 + r*g**2 + 4*g**2 - 1. Let h be f(1). Calculate the highest common divisor of h and 4.
2
Let a = 211 + 44. What is the highest common divisor of 51 and a?
51
Let o = -6845 + 6860. Suppose x - 10 = 5. Calculate the greatest common divisor of o and x.
15
Let f be 12 + (0/(-4))/((-2)/1). Let s = f - -88. What is the highest common divisor of s and 40?
20
Suppose 3*q = 65 - 23. Let y = q - -1. Calculate the greatest common factor of 165 and y.
15
Let a(o) = o**3 + 3*o**2 - 2*o + 8. Let z be a(-4). Suppose 63 = i - 5*t, z*i + 2*t + 54 = i. Calculate the highest common divisor of i and 168.
24
Let j = -128 + 66. Let r = j + 82. Calculate the highest common divisor of r and 180.
20
Let f = 47 - 31. Calculate the greatest common divisor of f and 112.
16
Let i(k) = k**2 - 4*k - 8. Let d be (-16)/20*30/(-4). Let x be i(d). Suppose -x*c + 0*c + 384 = 0. What is the greatest common factor of c and 24?
24
Let f be (-360)/((-13 - 2)/5 - -2). Calculate the greatest common divisor of f and 40.
40
Suppose -4*w + f - 4 = -17, w + 4*f = -18. Suppose -w*m + m = 0. Suppose m*y = 5*y - 205. Calculate the greatest common divisor of y and 328.
41
Let t = -764 - -776. What is the highest common factor of t and 75?
3
Suppose 140 = 5*s - s. Let l be 1